7614757?
7
What is the units digit of 2345087?
7
What is the tens digit of 1289787?
8
What is the thousands digit of 6248150?
8
What is the units digit of 9495?
5
What is the ten millions digit of 19088033?
1
What is the units digit of 1425370?
0
What is the units digit of 34873?
3
What is the thousands digit of 6292021?
2
What is the hundreds digit of 1290699?
6
What is the thousands digit of 199246?
9
What is the ten thousands digit of 9383566?
8
What is the ten thousands digit of 2845255?
4
What is the hundred thousands digit of 7881959?
8
What is the tens digit of 955544?
4
What is the units digit of 148280?
0
What is the hundred thousands digit of 244484?
2
What is the ten thousands digit of 14248323?
4
What is the ten thousands digit of 2486763?
8
What is the units digit of 14882717?
7
What is the tens digit of 3195631?
3
What is the tens digit of 3901879?
7
What is the thousands digit of 5335991?
5
What is the hundreds digit of 31708292?
2
What is the ten thousands digit of 96138?
9
What is the tens digit of 33208663?
6
What is the hundred thousands digit of 5801370?
8
What is the ten thousands digit of 220869?
2
What is the ten thousands digit of 2679467?
7
What is the thousands digit of 417003?
7
What is the tens digit of 141392?
9
What is the units digit of 382088?
8
What is the hundreds digit of 1959217?
2
What is the ten thousands digit of 298659?
9
What is the units digit of 180035?
5
What is the hundreds digit of 2994541?
5
What is the thousands digit of 2098764?
8
What is the thousands digit of 63055?
3
What is the hundreds digit of 135548?
5
What is the tens digit of 422566?
6
What is the hundreds digit of 18699837?
8
What is the units digit of 94145?
5
What is the units digit of 61859?
9
What is the tens digit of 13534482?
8
What is the thousands digit of 997979?
7
What is the units digit of 625840?
0
What is the hundreds digit of 510198?
1
What is the hundreds digit of 954701?
7
What is the units digit of 552684?
4
What is the tens digit of 138515?
1
What is the units digit of 38272?
2
What is the hundred thousands digit of 1351290?
3
What is the hundreds digit of 221504?
5
What is the hundreds digit of 2138020?
0
What is the thousands digit of 1024658?
4
What is the thousands digit of 168713?
8
What is the units digit of 2023041?
1
What is the hundred thousands digit of 1134561?
1
What is the units digit of 39878065?
5
What is the units digit of 255446?
6
What is the hundreds digit of 370757?
7
What is the ten thousands digit of 210333?
1
What is the hundred thousands digit of 752593?
7
What is the thousands digit of 14100170?
0
What is the ten thousands digit of 416475?
1
What is the hundred thousands digit of 583702?
5
What is the ten thousands digit of 3770642?
7
What is the thousands digit of 228714?
8
What is the units digit of 732580?
0
What is the hundred thousands digit of 304046?
3
What is the thousands digit of 638308?
8
What is the hundred thousands digit of 1273947?
2
What is the tens digit of 57781?
8
What is the millions digit of 1512412?
1
What is the units digit of 1078803?
3
What is the ten thousands digit of 27953633?
5
What is the ten thousands digit of 332941?
3
What is the hundreds digit of 13402474?
4
What is the units digit of 190601?
1
What is the hundred thousands digit of 1727531?
7
What is the units digit of 27454658?
8
What is the tens digit of 1631532?
3
What is the units digit of 801469?
9
What is the tens digit of 674606?
0
What is the hundreds digit of 2144437?
4
What is the hundreds digit of 6707296?
2
What is the hundred thousands digit of 1930531?
9
What is the tens digit of 20866?
6
What is the hundreds digit of 6574533?
5
What is the hundreds digit of 1950663?
6
What is the tens digit of 778892?
9
What is the units digit of 51241?
1
What is the thousands digit of 14346288?
6
What is the ten thousands digit of 287461?
8
What is the millions digit of 2607057?
2
What is the ten thousands digit of 569298?
6
What is the hundred thousands digit of 18472653?
4
What is the tens digit of 2892990?
9
What is the units digit of 1432347?
7
What is the hundred thousands digit of 21991359?
9
What is the hundred thousands digit of 7613118?
6
What is the tens digit of 2958855?
5
What is the thousands digit of 252972?
2
What is the thousands digit of 194274?
4
What is the hundred thousands digit of 1986679?
9
What is the tens digit of 1299310?
1
What is the units digit of 710260?
0
What is the ten thousands digit of 832836?
3
What is the units digit of 2198325?
5
What is the ten thousands digit of 223893?
2
What is the tens digit of 8423492?
9
What is the units digit of 281127?
7
What is the millions digit of 2324983?
2
What is the tens digit of 11835035?
3
What is the ten thousands digit of 44225?
4
What is the thousands digit of 531939?
1
What is the hundred thousands digit of 2356545?
3
What is the millions digit of 2460751?
2
What is the hundred thousands digit of 8344496?
3
What is the ten thousands digit of 131937?
3
What is the hundred thousands digit of 8151080?
1
What is the thousands digit of 80367?
0
What is the units digit of 12455028?
8
What is the millions digit of 1060037?
1
What is the ten thousands digit of 4234599?
3
What is the hundred thousands digit of 1392135?
3
What is the ten thousands digit of 115291?
1
What is the tens digit of 3375?
7
What is the tens digit of 140763?
6
What is the millions digit of 24720193?
4
What is the hundreds digit of 2593038?
0
What is the hundreds digit of 12614?
6
What is the hundred thousands digit of 3799341?
7
What is the hundred thousands digit of 480972?
4
What is the hundred thousands digit of 889230?
8
What is the hundreds digit of 45060?
0
What is the thousands digit of 13502087?
2
What is the hundreds digit of 122244?
2
What is the tens digit of 1265911?
1
What is the tens digit of 167887?
8
What is the tens digit of 761051?
5
What is the hundreds digit of 536069?
0
What is the units digit of 42915?
5
What is the hundred thousands digit of 402547?
4
What is the tens digit of 457926?
2
What is the hundreds digit of 670137?
1
What is the hundred thousands digit of 371638?
3
What is the tens digit of 18352177?
7
What is the hundred thousands digit of 986048?
9
What is the millions digit of 9347700?
9
What is the units digit of 4302829?
9
What is the millions digit of 3341181?
3
What is the hundred thousands digit of 1604282?
6
What is the units digit of 7747237?
7
What is the ten millions digit of 23196637?
2
What is the ten thousands digit of 5332933?
3
What is the hundreds digit of 537849?
8
What is the hundreds digit of 1249349?
3
What is the thousands digit of 5366442?
6
What is the tens digit of 750846?
4
What is the tens digit of 21574365?
6
What is the ten thousands digit of 7347111?
4
What is the hundred thousands digit of 1746298?
7
What is the units digit of 252568?
8
What is the millions digit of 2644762?
2
What is the ten thousands digit of 6086208?
8
What is the thousands digit of 257185?
7
What is the hundreds digit of 86182?
1
What is the hundred thousands digit of 13818000?
8
What is the hundred thousands digit of 172462?
1
What is the ten thousands digit of 2145245?
4
What is the thousands digit of 1052106?
2
What is the ten thousands digit of 7482785?
8
What is the hundred thousands digit of 1692483?
6
What is the hundreds digit of 357122?
1
What is the hundreds digit of 6660759?
7
What is the hundreds digit of 692590?
5
What is the ten thousands digit of 651026?
5
What is the millions digit of 2530740?
2
What is the units digit of 1343448?
8
What is the thousands digit of 1962107?
2
What is the ten thousands digit of 2147439?
4
What is the hundred thousands digit of 4554620?
5
What is the millions digit of 2334915?
2
What is the thousands digit of 113626?
3
What is the ten thousands digit of 122795?
2
What is the hundreds digit of 4898051?
0
What is the thousands digit of 20795?
0
What is the ten thousands digit of 249388?
4
What is the hundred thousands digit of 250085?
2
What is the hundreds digit of 250080?
0
What is the units digit of 736888?
8
What is the hundred thousands digit of 3053705?
0
What is the hundreds digit of 19658153?
1
What is the tens digit of 12112646?
4
What is the units digit of 8649892?
2
What is the